(-12 + 11))
-5
Evaluate 10 - (16 + 2 + -23) - -14.
29
What is 13 + -44 + 17 + 32?
18
(-16 - 28) + -3 + 28
-19
Calculate (1 - 7) + -2 + (-12 + 6 - -12).
-2
-5 - 1 - (6 - (10 - 15) - 29)
12
What is the value of (-196 - -188) + (-2 - 0 - -1)?
-9
Calculate -3 - (-7 - (6 - -2 - 5)).
7
Evaluate -30 - ((33 - 34) + -6).
-23
Calculate 15 - (54 - (23 - -3)).
-13
Evaluate 8 + -5 + 1 - (2 - -1 - -1).
0
Evaluate (-19 - -42) + -13 - 29.
-19
Evaluate 14 + -10 + 15 - 5.
14
Calculate (-30 - -18) + (7 - 1) + -3.
-9
Evaluate 54 + -52 + 2 + -1 + -10.
-7
-8 - (0 + 10 + (-57 - -45) - 11)
5
Calculate 2 - (13 + 3 - (8 - 0)).
-6
-2 + -1 + 6 + 6 + -2
7
What is -19 + 26 + -12 + (-2 - (4 + -4))?
-7
(5 - -5) + (10 - (12 - (2 - -9)))
19
Calculate (-8 - (-1 - 1)) + 19 + -38 + 22.
-3
Evaluate (-11 + -23 - -80) + -33.
13
Calculate -24 + 25 + 6 + -14 + -1.
-8
Calculate 0 - (1 - 6 - (12 + -23)).
-6
5 - (-5 - -11 - (36 + 1))
36
Calculate (1 - 3) + (4 - 11) + -1 + -1.
-11
(1 - 14) + 0 + (5 - 9)
-17
What is 7 - (-2 + 6 + -7) - -9?
19
What is the value of (0 - 0) + (2 - (7 + -10))?
5
What is -15 + -8 + 21 + 2 + 2 + 0?
2
What is the value of -11 + 0 + -1 - (-9 - -11)?
-14
(-3 + 3 - (0 - -3)) + 40 + -46
-9
Evaluate 121 + -115 - (-1 + 3).
4
What is 18 + -4 - (-8 - -12 - -1)?
9
Calculate 84 + -101 + (-5 - (-3 - -2 - -6)).
-27
What is the value of 5 + -7 - (16 - 29) - 2?
9
What is -1 - (0 + -2) - (219 + -209)?
-9
Calculate 67 + -52 - (6 + 11).
-2
Evaluate -1 - (-3 + 15 + 2) - -31.
16
What is -14 - (-2 + -8 - -1) - 4?
-9
-4 + 4 + -15 - -3 - -4
-8
What is the value of -5 + 4 + -4 + -2 + 11 - 0?
4
What is 14 - (5 - -5) - 20?
-16
Calculate (15 - (0 + (-17 - -3))) + -9.
20
What is the value of 3 + -1 + (-3 - -4 - (1 + -3))?
5
Evaluate 7 - ((-11 - (-2 + 0)) + 6) - 42.
-32
(-13 - -4) + (0 - -1) - -12
4
What is the value of -31 - (-34 + 16 + 6)?
-19
What is the value of -3 - (-30 + 56) - -32?
3
(-14 + 20 + -20 - -28) + -9
5
What is the value of 25 - (19 + (-32 - -18))?
20
What is -3 - (-1 + 8 + -9 + 8)?
-9
Calculate -33 - -26 - (16 - 3).
-20
What is 4 + (-6 + -2 - (44 + -40))?
-8
What is -4 - ((-4 - (-9 + -2 + 6)) + 3)?
-8
What is -197 + 189 - (-12 + -1) - (-1 + 4)?
2
Calculate 20 - (59 - (27 + 2)).
-10
Evaluate 2 + 9 + (-11 - (1 + 2)) - 18.
-21
Calculate 38 + (-54 - 6) + 30.
8
5 + (-4 + 16 - (11 + (2 - 9)))
13
What is the value of 5 + (19 - (-15 + 0 - -20))?
19
What is the value of 2 + (7 - 0) + (-14 - (13 - 23))?
5
What is the value of 2 + 13 - 8 - (2 - -9)?
-4
-6 - (-30 - (5 + -18))
11
What is -5 - 0 - (50 + (1 - 35))?
-21
What is the value of -15 - -9 - (-34 + (3 - (3 - 3)))?
25
-5 - (-13 + 8 - 7)
7
Evaluate (8 + 0 + -1 - 2) + (-19 - -21).
7
(3 - 16) + (-3 - -12) + 3
-1
8 + (12 - 3) + -34
-17
What is 14 + (-23 - -26) - 20?
-3
Calculate (10 - (-13 + 26)) + -6 + 1 + -3.
-11
Calculate 6 + (6 - 8) + 0 - (-9 - 1).
14
Evaluate 657 + -630 - (0 - 2).
29
What is 1 - (6 + -3 - (-9 - (-15 - -6)))?
-2
1 + ((-29 - -7) + 7 - -4)
-10
Evaluate 14 - 30 - (-4 - 4).
-8
Evaluate -2 + 3 - 3 - (0 - (4 - 11)).
-9
What is 0 - -4 - (-83 - -90)?
-3
Evaluate (2 - -5 - (-2 + 1)) + 19 + -14.
13
Evaluate (-11 - -32) + -9 + -7.
5
What is the value of (-1 - 0) + (14 - 24) + 9 + 5?
3
What is 138 + -135 + 1 + -11?
-7
-29 + (-2 - 0) + -379 + 387
-23
7 + ((-31 - -17) + 0 - -11)
4
What is the value of -2 + 0 + (1 + (-3 - -3) - -3)?
2
What is the value of (-21 - (-1 - (-12 + 11))) + 17?
-4
Evaluate -14 - (14 - (16 - 1 - (-8 - -13))).
-18
Evaluate (-188 - -184) + -2 + -4 + 4 + -8.
-14
Calculate 31 + -32 - (-2 + (21 - -3 - 0)).
-23
Evaluate 25 - (-4 - -15) - (4 - (2 + 3)).
15
(-5 - (-8 + 4) - -6) + 5
10
Calculate 0 - -6 - (-10 - (29 - 43)).
2
What is the value of -1 + 2 - (180 + -184 + (-1 - -1))?
5
What is 34 - (-19 - -64) - (0 + -9)?
-2
Evaluate (5 - -1 - 14) + 16 + (-4 - -10).
14
What is the value of -8 + (12 - 14) - (3 + -12 + 3)?
-4
-12 + (-13 - -26) + -17
-16
What is 8 + 9 - 21 - (-4 + -1)?
1
Calculate (7 - -11 - 11) + -4 - 22.
-19
Calculate 27 + (-5 - (-31 - -42)).
11
Calculate (5 + 6 - (16 + -6)) + 1.
2
What is the value of 14 + -3 - (1 + -11 - (-20 - -32))?
33
Evaluate (0 - 10 - 2) + 1 + -1029 + 1025.
-15
Calculate 3 + -18 + 1 + (2 - 1) + 4.
-9
Calculate 526 - 491 - (29 + 0).
6
What is the value of 16 + -12 + -13 + 6 - -8?
5
What is the value of -7 + -2 - (-9 + (-16 + 9 - -30))?
-23
Evaluate (-14 + -15 + 18 - -16) + (2 - -1).
8
Evaluate 2 + (5 + -2 - -2) - (47 - 25).
-15
-18 - ((-4 - 14) + 8)
-8
Calculate 7 + -10 + 6 + 1 + 3.
7
Calculate (-9 - 5) + (8 + -2 - -11).
3
Calculate 53 + -69 + (18 - 3) - -2.
1
What is -1 - (19 + -25 + -5)?
10
What is -33 - (-14 - (-15 + 17))?
-17
(8 - -6) + 5 - (-25 + 19)
25
Calculate 5 - (18 - 5) - -7.
-1
What is the value of -3 + -6 + -3 + -9 + -3 + 16?
-8
What is the value of -6 + 7 + 8 + 5?
14
-2 + (-5 - (8 + -24)) + -9
0
Calculate -4 + 13 + 1 - 2 - 8.
0
What is the value of 3 - (17 + -28) - 16?
-2
What is the value of (45 - 18) + 18 - 31?
14
What is 19 + (3 - (-11 + 11 + 12)) - 2?
8
(3 - 3) + (-2 - 12 - -20) + -28
-22
Calculate -3 - (-17 + 1 - (2 + -5)).
10
What is -7 + (-12 - (6 + -11)) + 12 + 7?
5
What is the value of 12 - (-28 + 26 - -4)?
10
What is 33 + (-5 - 6 - 27)?
-5
What is the value of 8 - (-12 - (-20 - -7))?
7
Evaluate 5 + 8 + (2 - 6) - 5.
4
Calculate -5 - (18 + 1 - (9 + 0)) - 3.
-18
Evaluate (-4 - -20) + 27 - 59.
-16
What is (-39 - -54) + -1 + (-2 + 4 - -4)?
20
What is 0 + -7 + 8 + -3 + 3 + -29?
-28
Evaluate 1 - 5 - (-12 - (-1 + -11)).
-4
Calculate 24 + -20 - (-9 + (-4 - -6)).
11
-1 + (4 - 3) - (-14 + 13)
1
What is (-1 - 6) + 6 - -2?
1
What is 1 + -6 - (7 + 8 + 4 + -16)?
-8
What is the value of -12 + -11 + 31 + -13?
-5
126 + -83 + -2 + -10
31
Calculate 4 - (((6 - 4) + -13 - -6) + 7).
2
What is the value of -14 + (-15 + 14 - (2 - (-1 - -2)))?
-16
-5 + (-5 + -2 - -13) - 10
-9
2 + -2 + 0 - -5 - -5
10
What is the value of 4 + (7 + -41 - -26)?
-4
Evaluate (-3 + 6 - (66 + -49)) + 4.
-10
-3 - (-2 + -11 + -1 + 6) - 17
-12
Evaluate 780 + -777 + (-2 - -1 - -6).
8
What is ((-30 - -19) + 20 - 4) + -38?
-33
Calculate (1 + -9 - -1) + 24 + (-7 - 20).
-10
9 + (-39 + -6 - -21)
-15
-34 + (-26 - -34) - -41
15
Calculate -11 + 9 + (1 - 13).
-14
Calculate 1 - (7 - (-2 - -3)) - (-12 + -2).
9
What is the value of 8 + -7 + 12 + 1 + -10 + -6?
-2
What is -15 - (-6 + (-15 - 11))?
17
Calculate (0 - (4 + -2 + 5 + -4)) + -13.
-16
What is 4 - (7 + -2 + 2) - (3 + -4)?
-2
What is the value of 8 + -5 + (1 - 14)?
-10
Evaluate 25 + -19 + (1 - -6 - 4).
9
What is the value of 12 - (-7 + 3 + (-22 - -9) + 10)?
19
What is 26 - (21 + 15 - 18)?
8
Calculate -38 + -3 + 20 - (0 + -4) - 9.
-26
What is the value of (23 - 19 - 26) + (-3 - 1)?
-26
18 + 17 + -38 - (-3 + 0) - 20
-20
Calculate -11 - (11 + -13 - -5) - (-2 - 5).
-7
What is the value of (2 - 0) + (10 - (-10 + 27 + -14))?
9
(20 - (-19 - (-24 + -1))) + (-1 - 2)
11
-3 - 1 - (7 - -5 - 17)
1
Calculate -28 + (-15 - -35) - -1.
-7
0 + (4 - 0 - (26 + -26) - -2)
6
12 - (-1 - (-5 - -7)) - (20 + -12)
7
Calculate (1 - (6 - 4)) + (0 - (-8 + 15)).
-8
Evaluate -13 - (12 + -9 + (1 - 7) - 2).
-8
What is (-1229 - -1228) + -4 + 2 + 1?
-2
What is -44 - (3 - 69 - -41)?
-19
Evaluate -40 + (1 - -4) - (52 - 60).
-27
Evaluate 12 - 0 - (-21 + (50 - 9)).
-8
19 + (0 - 10) + -3
6
Calculate -5 - -26 - 2 - 16.
3
What is the value of (-27 + -2 - (17 - 27)) + 11?
-8
(-1 - (1 + 16)) + (54 - 23) + -24
-11
What is the value of (-9 + -10 - (1 - 10)) + 15?
5
-26 + 16 + 7 + 22
19
Evaluate -6 + (1 - -5 - (-17 + 5)).
12
What is 41 + (-6 - 32) - (0 - -30)?
-27
Evaluate -4 - (-6 + (-1 - -1)).
2
-5 - -4 - (0 + -3 + (22 - 28))
8
-20 + 1 - (2 + 9 + -65)
35
What is -21 - (-4 - (28 - 10 - 6))?
-5
Calculate (144 - 134 - (1 - -7 - 1)) + -8.
-5
-12 - (3 + 2 + -22)
5
What is the value of 3 - (3 + -2 + (-6 - -11 - 2))?
-1
Calculate (-3 - -3) + -1 + -1 + 6 + -5.
-1
Calculate -6 + 0 + 0 + (-26 - 18 - -32).
-18
Calculate -2 - (18 + -1) - -3.
-16
Evaluate 6 - (38 - 48 - (-3 - -7)).
20
What is the value of 0 - 5 - (-35 - (-47 - -10))?
-7
What is (62 + -26 - 13) + -42?
-19
What is the value of -8 + 20 + -39 + (11 - 11)?
-27
What is (0 - (-8 + 3)) + -1 + 3 - 11?
-4
Evaluate 5 - (-29 + 2 + (19 - 12)).
25
Evaluate (50 - 33) + (13 - (-3 - -6)).
27
Calculate 2 - 3 - 5 - ((12 - 7) + -36).
25
Evaluate -2 - (-18 + (-15 - -32)).
